{"id":417,"date":"2022-04-07T13:21:54","date_gmt":"2022-04-07T13:21:54","guid":{"rendered":"https:\/\/audioquali.com.br\/?post_type=product&#038;p=417"},"modified":"2022-04-07T13:21:54","modified_gmt":"2022-04-07T13:21:54","slug":"transmiter-2-4","status":"publish","type":"product","link":"https:\/\/audioquali.com.br\/index.php\/produto\/transmiter-2-4\/","title":{"rendered":"Transmiter 2.4"},"content":{"rendered":"<p>Os sinais de \u00e1udio s\u00e3o transferidos da televis\u00e3o ou do sistema est\u00e9reo diretamente para os aparelhos auditivos via Bluetooth.\u00a0Caso voc\u00ea tenha muita dificuldade para entender a televis\u00e3o este \u00e9 o melhor acess\u00f3rio<\/p>\n","protected":false},"excerpt":{"rendered":"<p>Os sinais de \u00e1udio s\u00e3o transferidos da televis\u00e3o ou do sistema est\u00e9reo diretamente para os aparelhos auditivos via Bluetooth.\u00a0Caso voc\u00ea tenha muita dificuldade para entender a televis\u00e3o este \u00e9 o melhor acess\u00f3rio<\/p>\n","protected":false},"featured_media":418,"comment_status":"open","ping_status":"closed","template":"","meta":[],"product_brand":[],"product_cat":[31],"product_tag":[],"class_list":{"0":"post-417","1":"product","2":"type-product","3":"status-publish","4":"has-post-thumbnail","6":"product_cat-acessorios","8":"first","9":"instock","10":"shipping-taxable","11":"product-type-simple"},"_links":{"self":[{"href":"https:\/\/audioquali.com.br\/index.php\/wp-json\/wp\/v2\/product\/417","targetHints":{"allow":["GET"]}}],"collection":[{"href":"https:\/\/audioquali.com.br\/index.php\/wp-json\/wp\/v2\/product"}],"about":[{"href":"https:\/\/audioquali.com.br\/index.php\/wp-json\/wp\/v2\/types\/product"}],"replies":[{"embeddable":true,"href":"https:\/\/audioquali.com.br\/index.php\/wp-json\/wp\/v2\/comments?post=417"}],"wp:featuredmedia":[{"embeddable":true,"href":"https:\/\/audioquali.com.br\/index.php\/wp-json\/wp\/v2\/media\/418"}],"wp:attachment":[{"href":"https:\/\/audioquali.com.br\/index.php\/wp-json\/wp\/v2\/media?parent=417"}],"wp:term":[{"taxonomy":"product_brand","embeddable":true,"href":"https:\/\/audioquali.com.br\/index.php\/wp-json\/wp\/v2\/product_brand?post=417"},{"taxonomy":"product_cat","embeddable":true,"href":"https:\/\/audioquali.com.br\/index.php\/wp-json\/wp\/v2\/product_cat?post=417"},{"taxonomy":"product_tag","embeddable":true,"href":"https:\/\/audioquali.com.br\/index.php\/wp-json\/wp\/v2\/product_tag?post=417"}],"curies":[{"name":"wp","href":"https:\/\/api.w.org\/{rel}","templated":true}]}}