{"id":415,"date":"2022-04-07T13:18:49","date_gmt":"2022-04-07T13:18:49","guid":{"rendered":"https:\/\/audioquali.com.br\/?post_type=product&#038;p=415"},"modified":"2022-04-07T22:48:08","modified_gmt":"2022-04-07T22:48:08","slug":"charging-station-duo-e-p","status":"publish","type":"product","link":"https:\/\/audioquali.com.br\/index.php\/produto\/charging-station-duo-e-p\/","title":{"rendered":"Charging+ Station \u2013 Duo e P"},"content":{"rendered":"<p>Al\u00e9m de recarregar os aparelhos, tamb\u00e9m apresenta fun\u00e7\u00e3o de desumidificar. Oferece tamb\u00e9m uma funcionalidade de carregamento r\u00e1pido de 30 minutos.\u00a0O seu acabamento robusto e resistente a riscos \u00e9 ideal para o uso di\u00e1rio e para uma opera\u00e7\u00e3o de longa dura\u00e7\u00e3o.<\/p>\n","protected":false},"excerpt":{"rendered":"<p>Al\u00e9m de recarregar os aparelhos, tamb\u00e9m apresenta fun\u00e7\u00e3o de desumidificar. Oferece tamb\u00e9m uma funcionalidade de carregamento r\u00e1pido de 30 minutos.\u00a0O seu acabamento robusto e resistente a riscos \u00e9 ideal para o uso di\u00e1rio e para uma opera\u00e7\u00e3o de longa dura\u00e7\u00e3o.<\/p>\n","protected":false},"featured_media":467,"comment_status":"open","ping_status":"closed","template":"","meta":[],"product_brand":[],"product_cat":[31],"product_tag":[],"class_list":{"0":"post-415","1":"product","2":"type-product","3":"status-publish","4":"has-post-thumbnail","6":"product_cat-acessorios","8":"first","9":"instock","10":"shipping-taxable","11":"product-type-simple"},"_links":{"self":[{"href":"https:\/\/audioquali.com.br\/index.php\/wp-json\/wp\/v2\/product\/415","targetHints":{"allow":["GET"]}}],"collection":[{"href":"https:\/\/audioquali.com.br\/index.php\/wp-json\/wp\/v2\/product"}],"about":[{"href":"https:\/\/audioquali.com.br\/index.php\/wp-json\/wp\/v2\/types\/product"}],"replies":[{"embeddable":true,"href":"https:\/\/audioquali.com.br\/index.php\/wp-json\/wp\/v2\/comments?post=415"}],"wp:featuredmedia":[{"embeddable":true,"href":"https:\/\/audioquali.com.br\/index.php\/wp-json\/wp\/v2\/media\/467"}],"wp:attachment":[{"href":"https:\/\/audioquali.com.br\/index.php\/wp-json\/wp\/v2\/media?parent=415"}],"wp:term":[{"taxonomy":"product_brand","embeddable":true,"href":"https:\/\/audioquali.com.br\/index.php\/wp-json\/wp\/v2\/product_brand?post=415"},{"taxonomy":"product_cat","embeddable":true,"href":"https:\/\/audioquali.com.br\/index.php\/wp-json\/wp\/v2\/product_cat?post=415"},{"taxonomy":"product_tag","embeddable":true,"href":"https:\/\/audioquali.com.br\/index.php\/wp-json\/wp\/v2\/product_tag?post=415"}],"curies":[{"name":"wp","href":"https:\/\/api.w.org\/{rel}","templated":true}]}}