{"id":413,"date":"2022-04-07T13:15:55","date_gmt":"2022-04-07T13:15:55","guid":{"rendered":"https:\/\/audioquali.com.br\/?post_type=product&#038;p=413"},"modified":"2022-04-07T13:15:55","modified_gmt":"2022-04-07T13:15:55","slug":"carregador-portatil-siline","status":"publish","type":"product","link":"https:\/\/audioquali.com.br\/index.php\/produto\/carregador-portatil-siline\/","title":{"rendered":"Carregador port\u00e1til Siline"},"content":{"rendered":"<p>Um design inovador, port\u00e1til, podendo carregar a qualquer momento e com carregamento por indu\u00e7\u00e3o.<\/p>\n","protected":false},"excerpt":{"rendered":"<p>Um design inovador, port\u00e1til, podendo carregar a qualquer momento e com carregamento por indu\u00e7\u00e3o.<\/p>\n","protected":false},"featured_media":414,"comment_status":"open","ping_status":"closed","template":"","meta":[],"product_brand":[],"product_cat":[31],"product_tag":[],"class_list":{"0":"post-413","1":"product","2":"type-product","3":"status-publish","4":"has-post-thumbnail","6":"product_cat-acessorios","8":"first","9":"instock","10":"shipping-taxable","11":"product-type-simple"},"_links":{"self":[{"href":"https:\/\/audioquali.com.br\/index.php\/wp-json\/wp\/v2\/product\/413","targetHints":{"allow":["GET"]}}],"collection":[{"href":"https:\/\/audioquali.com.br\/index.php\/wp-json\/wp\/v2\/product"}],"about":[{"href":"https:\/\/audioquali.com.br\/index.php\/wp-json\/wp\/v2\/types\/product"}],"replies":[{"embeddable":true,"href":"https:\/\/audioquali.com.br\/index.php\/wp-json\/wp\/v2\/comments?post=413"}],"wp:featuredmedia":[{"embeddable":true,"href":"https:\/\/audioquali.com.br\/index.php\/wp-json\/wp\/v2\/media\/414"}],"wp:attachment":[{"href":"https:\/\/audioquali.com.br\/index.php\/wp-json\/wp\/v2\/media?parent=413"}],"wp:term":[{"taxonomy":"product_brand","embeddable":true,"href":"https:\/\/audioquali.com.br\/index.php\/wp-json\/wp\/v2\/product_brand?post=413"},{"taxonomy":"product_cat","embeddable":true,"href":"https:\/\/audioquali.com.br\/index.php\/wp-json\/wp\/v2\/product_cat?post=413"},{"taxonomy":"product_tag","embeddable":true,"href":"https:\/\/audioquali.com.br\/index.php\/wp-json\/wp\/v2\/product_tag?post=413"}],"curies":[{"name":"wp","href":"https:\/\/api.w.org\/{rel}","templated":true}]}}